{"id":94693,"date":"2026-04-15T16:12:17","date_gmt":"2026-04-15T13:12:17","guid":{"rendered":"https:\/\/flama.fi\/?post_type=workshopit&#038;p=94693"},"modified":"2026-04-15T16:13:27","modified_gmt":"2026-04-15T13:13:27","slug":"8-10-1-matias-loyttyniemi-rueda-viikonloppu","status":"publish","type":"workshopit","link":"https:\/\/flama.fi\/en\/workshops\/8-10-1-matias-loyttyniemi-rueda-viikonloppu\/","title":{"rendered":"8.\u201310.1. Matias L\u00f6yttyniemi: Rueda-viikonloppu"},"content":{"rendered":"\n<p>Tammikuussa 2027 Tanssistudio Flamassa vietet\u00e4\u00e4n Matias L\u00f6yttyniemen rueda-viikonloppua! Luvassa on inspiroivia workshopeja ja muuta ohjelmaa.<\/p>\n\n\n\n<p>Varaa jo nyt t\u00e4m\u00e4 tanssint\u00e4yteinen viikonloppu kalenteriisi, lis\u00e4tietoa tulossa!<\/p>\n\n\n\n<p><\/p>\n","protected":false},"excerpt":{"rendered":"<p>Tammikuussa 2027 Tanssistudio Flamassa vietet\u00e4\u00e4n Matias L\u00f6yttyniemen rueda-viikonloppua! Luvassa on inspiroivia workshopeja ja muuta ohjelmaa. Varaa jo nyt t\u00e4m\u00e4 tanssint\u00e4yteinen viikonloppu kalenteriisi, lis\u00e4tietoa tulossa!<\/p>\n","protected":false},"author":80,"featured_media":94632,"menu_order":990,"template":"","tags":[418],"lajit":[2919,3768],"class_list":["post-94693","workshopit","type-workshopit","status-publish","has-post-thumbnail","hentry","tag-matias-loyttyniemi","lajit-parisalsa","lajit-rueda"],"yoast_head":"<!-- This site is optimized with the Yoast SEO plugin v27.5 - https:\/\/yoast.com\/product\/yoast-seo-wordpress\/ -->\n<title>8.\u201310.1. Matias L\u00f6yttyniemi: Rueda-viikonloppu - Tanssistudio Flama<\/title>\n<meta name=\"robots\" content=\"index, follow, max-snippet:-1, max-image-preview:large, max-video-preview:-1\" \/>\n<link rel=\"canonical\" href=\"https:\/\/flama.fi\/en\/workshops\/8-10-1-matias-loyttyniemi-rueda-viikonloppu\/\" \/>\n<meta property=\"og:locale\" content=\"en_US\" \/>\n<meta property=\"og:type\" content=\"article\" \/>\n<meta property=\"og:title\" content=\"8.\u201310.1. Matias L\u00f6yttyniemi: Rueda-viikonloppu - Tanssistudio Flama\" \/>\n<meta property=\"og:description\" content=\"Tammikuussa 2027 Tanssistudio Flamassa vietet\u00e4\u00e4n Matias L\u00f6yttyniemen rueda-viikonloppua! Luvassa on inspiroivia workshopeja ja muuta ohjelmaa. Varaa jo nyt t\u00e4m\u00e4 tanssint\u00e4yteinen viikonloppu kalenteriisi, lis\u00e4tietoa tulossa!\" \/>\n<meta property=\"og:url\" content=\"https:\/\/flama.fi\/en\/workshops\/8-10-1-matias-loyttyniemi-rueda-viikonloppu\/\" \/>\n<meta property=\"og:site_name\" content=\"Tanssistudio Flama\" \/>\n<meta property=\"article:modified_time\" content=\"2026-04-15T13:13:27+00:00\" \/>\n<meta property=\"og:image\" content=\"https:\/\/flama.fi\/wp-content\/uploads\/2026\/04\/matias_loyttyniemi2.jpg\" \/>\n\t<meta property=\"og:image:width\" content=\"1920\" \/>\n\t<meta property=\"og:image:height\" content=\"1280\" \/>\n\t<meta property=\"og:image:type\" content=\"image\/jpeg\" \/>\n<meta name=\"twitter:card\" content=\"summary_large_image\" \/>\n<meta name=\"twitter:label1\" content=\"Est. reading time\" \/>\n\t<meta name=\"twitter:data1\" content=\"1 minute\" \/>\n<script type=\"application\/ld+json\" class=\"yoast-schema-graph\">{\"@context\":\"https:\\\/\\\/schema.org\",\"@graph\":[{\"@type\":\"WebPage\",\"@id\":\"https:\\\/\\\/flama.fi\\\/en\\\/workshops\\\/8-10-1-matias-loyttyniemi-rueda-viikonloppu\\\/\",\"url\":\"https:\\\/\\\/flama.fi\\\/en\\\/workshops\\\/8-10-1-matias-loyttyniemi-rueda-viikonloppu\\\/\",\"name\":\"8.\u201310.1. Matias L\u00f6yttyniemi: Rueda-viikonloppu - Tanssistudio Flama\",\"isPartOf\":{\"@id\":\"https:\\\/\\\/flama.fi\\\/en\\\/#website\"},\"primaryImageOfPage\":{\"@id\":\"https:\\\/\\\/flama.fi\\\/en\\\/workshops\\\/8-10-1-matias-loyttyniemi-rueda-viikonloppu\\\/#primaryimage\"},\"image\":{\"@id\":\"https:\\\/\\\/flama.fi\\\/en\\\/workshops\\\/8-10-1-matias-loyttyniemi-rueda-viikonloppu\\\/#primaryimage\"},\"thumbnailUrl\":\"https:\\\/\\\/flama.fi\\\/wp-content\\\/uploads\\\/2026\\\/04\\\/matias_loyttyniemi2.jpg\",\"datePublished\":\"2026-04-15T13:12:17+00:00\",\"dateModified\":\"2026-04-15T13:13:27+00:00\",\"breadcrumb\":{\"@id\":\"https:\\\/\\\/flama.fi\\\/en\\\/workshops\\\/8-10-1-matias-loyttyniemi-rueda-viikonloppu\\\/#breadcrumb\"},\"inLanguage\":\"en-US\",\"potentialAction\":[{\"@type\":\"ReadAction\",\"target\":[\"https:\\\/\\\/flama.fi\\\/en\\\/workshops\\\/8-10-1-matias-loyttyniemi-rueda-viikonloppu\\\/\"]}]},{\"@type\":\"ImageObject\",\"inLanguage\":\"en-US\",\"@id\":\"https:\\\/\\\/flama.fi\\\/en\\\/workshops\\\/8-10-1-matias-loyttyniemi-rueda-viikonloppu\\\/#primaryimage\",\"url\":\"https:\\\/\\\/flama.fi\\\/wp-content\\\/uploads\\\/2026\\\/04\\\/matias_loyttyniemi2.jpg\",\"contentUrl\":\"https:\\\/\\\/flama.fi\\\/wp-content\\\/uploads\\\/2026\\\/04\\\/matias_loyttyniemi2.jpg\",\"width\":1920,\"height\":1280},{\"@type\":\"BreadcrumbList\",\"@id\":\"https:\\\/\\\/flama.fi\\\/en\\\/workshops\\\/8-10-1-matias-loyttyniemi-rueda-viikonloppu\\\/#breadcrumb\",\"itemListElement\":[{\"@type\":\"ListItem\",\"position\":1,\"name\":\"Etusivu\",\"item\":\"https:\\\/\\\/flama.fi\\\/en\\\/\"},{\"@type\":\"ListItem\",\"position\":2,\"name\":\"Workshops\",\"item\":\"https:\\\/\\\/flama.fi\\\/en\\\/workshops\\\/\"},{\"@type\":\"ListItem\",\"position\":3,\"name\":\"8.\u201310.1. Matias L\u00f6yttyniemi: Rueda-viikonloppu\"}]},{\"@type\":\"WebSite\",\"@id\":\"https:\\\/\\\/flama.fi\\\/en\\\/#website\",\"url\":\"https:\\\/\\\/flama.fi\\\/en\\\/\",\"name\":\"Tanssistudio Flama\",\"description\":\"Turkulainen Tanssistudio\",\"publisher\":{\"@id\":\"https:\\\/\\\/flama.fi\\\/en\\\/#organization\"},\"potentialAction\":[{\"@type\":\"SearchAction\",\"target\":{\"@type\":\"EntryPoint\",\"urlTemplate\":\"https:\\\/\\\/flama.fi\\\/en\\\/?s={search_term_string}\"},\"query-input\":{\"@type\":\"PropertyValueSpecification\",\"valueRequired\":true,\"valueName\":\"search_term_string\"}}],\"inLanguage\":\"en-US\"},{\"@type\":\"Organization\",\"@id\":\"https:\\\/\\\/flama.fi\\\/en\\\/#organization\",\"name\":\"Tanssistudio Flama\",\"url\":\"https:\\\/\\\/flama.fi\\\/en\\\/\",\"logo\":{\"@type\":\"ImageObject\",\"inLanguage\":\"en-US\",\"@id\":\"https:\\\/\\\/flama.fi\\\/en\\\/#\\\/schema\\\/logo\\\/image\\\/\",\"url\":\"https:\\\/\\\/flama.fi\\\/wp-content\\\/uploads\\\/2022\\\/07\\\/Flama-logo.png\",\"contentUrl\":\"https:\\\/\\\/flama.fi\\\/wp-content\\\/uploads\\\/2022\\\/07\\\/Flama-logo.png\",\"width\":1240,\"height\":620,\"caption\":\"Tanssistudio Flama\"},\"image\":{\"@id\":\"https:\\\/\\\/flama.fi\\\/en\\\/#\\\/schema\\\/logo\\\/image\\\/\"}}]}<\/script>\n<!-- \/ Yoast SEO plugin. -->","yoast_head_json":{"title":"8.\u201310.1. Matias L\u00f6yttyniemi: Rueda-viikonloppu - Tanssistudio Flama","robots":{"index":"index","follow":"follow","max-snippet":"max-snippet:-1","max-image-preview":"max-image-preview:large","max-video-preview":"max-video-preview:-1"},"canonical":"https:\/\/flama.fi\/en\/workshops\/8-10-1-matias-loyttyniemi-rueda-viikonloppu\/","og_locale":"en_US","og_type":"article","og_title":"8.\u201310.1. Matias L\u00f6yttyniemi: Rueda-viikonloppu - Tanssistudio Flama","og_description":"Tammikuussa 2027 Tanssistudio Flamassa vietet\u00e4\u00e4n Matias L\u00f6yttyniemen rueda-viikonloppua! Luvassa on inspiroivia workshopeja ja muuta ohjelmaa. Varaa jo nyt t\u00e4m\u00e4 tanssint\u00e4yteinen viikonloppu kalenteriisi, lis\u00e4tietoa tulossa!","og_url":"https:\/\/flama.fi\/en\/workshops\/8-10-1-matias-loyttyniemi-rueda-viikonloppu\/","og_site_name":"Tanssistudio Flama","article_modified_time":"2026-04-15T13:13:27+00:00","og_image":[{"width":1920,"height":1280,"url":"https:\/\/flama.fi\/wp-content\/uploads\/2026\/04\/matias_loyttyniemi2.jpg","type":"image\/jpeg"}],"twitter_card":"summary_large_image","twitter_misc":{"Est. reading time":"1 minute"},"schema":{"@context":"https:\/\/schema.org","@graph":[{"@type":"WebPage","@id":"https:\/\/flama.fi\/en\/workshops\/8-10-1-matias-loyttyniemi-rueda-viikonloppu\/","url":"https:\/\/flama.fi\/en\/workshops\/8-10-1-matias-loyttyniemi-rueda-viikonloppu\/","name":"8.\u201310.1. Matias L\u00f6yttyniemi: Rueda-viikonloppu - Tanssistudio Flama","isPartOf":{"@id":"https:\/\/flama.fi\/en\/#website"},"primaryImageOfPage":{"@id":"https:\/\/flama.fi\/en\/workshops\/8-10-1-matias-loyttyniemi-rueda-viikonloppu\/#primaryimage"},"image":{"@id":"https:\/\/flama.fi\/en\/workshops\/8-10-1-matias-loyttyniemi-rueda-viikonloppu\/#primaryimage"},"thumbnailUrl":"https:\/\/flama.fi\/wp-content\/uploads\/2026\/04\/matias_loyttyniemi2.jpg","datePublished":"2026-04-15T13:12:17+00:00","dateModified":"2026-04-15T13:13:27+00:00","breadcrumb":{"@id":"https:\/\/flama.fi\/en\/workshops\/8-10-1-matias-loyttyniemi-rueda-viikonloppu\/#breadcrumb"},"inLanguage":"en-US","potentialAction":[{"@type":"ReadAction","target":["https:\/\/flama.fi\/en\/workshops\/8-10-1-matias-loyttyniemi-rueda-viikonloppu\/"]}]},{"@type":"ImageObject","inLanguage":"en-US","@id":"https:\/\/flama.fi\/en\/workshops\/8-10-1-matias-loyttyniemi-rueda-viikonloppu\/#primaryimage","url":"https:\/\/flama.fi\/wp-content\/uploads\/2026\/04\/matias_loyttyniemi2.jpg","contentUrl":"https:\/\/flama.fi\/wp-content\/uploads\/2026\/04\/matias_loyttyniemi2.jpg","width":1920,"height":1280},{"@type":"BreadcrumbList","@id":"https:\/\/flama.fi\/en\/workshops\/8-10-1-matias-loyttyniemi-rueda-viikonloppu\/#breadcrumb","itemListElement":[{"@type":"ListItem","position":1,"name":"Etusivu","item":"https:\/\/flama.fi\/en\/"},{"@type":"ListItem","position":2,"name":"Workshops","item":"https:\/\/flama.fi\/en\/workshops\/"},{"@type":"ListItem","position":3,"name":"8.\u201310.1. Matias L\u00f6yttyniemi: Rueda-viikonloppu"}]},{"@type":"WebSite","@id":"https:\/\/flama.fi\/en\/#website","url":"https:\/\/flama.fi\/en\/","name":"Tanssistudio Flama","description":"Turkulainen Tanssistudio","publisher":{"@id":"https:\/\/flama.fi\/en\/#organization"},"potentialAction":[{"@type":"SearchAction","target":{"@type":"EntryPoint","urlTemplate":"https:\/\/flama.fi\/en\/?s={search_term_string}"},"query-input":{"@type":"PropertyValueSpecification","valueRequired":true,"valueName":"search_term_string"}}],"inLanguage":"en-US"},{"@type":"Organization","@id":"https:\/\/flama.fi\/en\/#organization","name":"Tanssistudio Flama","url":"https:\/\/flama.fi\/en\/","logo":{"@type":"ImageObject","inLanguage":"en-US","@id":"https:\/\/flama.fi\/en\/#\/schema\/logo\/image\/","url":"https:\/\/flama.fi\/wp-content\/uploads\/2022\/07\/Flama-logo.png","contentUrl":"https:\/\/flama.fi\/wp-content\/uploads\/2022\/07\/Flama-logo.png","width":1240,"height":620,"caption":"Tanssistudio Flama"},"image":{"@id":"https:\/\/flama.fi\/en\/#\/schema\/logo\/image\/"}}]}},"_links":{"self":[{"href":"https:\/\/flama.fi\/en\/wp-json\/wp\/v2\/workshopit\/94693","targetHints":{"allow":["GET"]}}],"collection":[{"href":"https:\/\/flama.fi\/en\/wp-json\/wp\/v2\/workshopit"}],"about":[{"href":"https:\/\/flama.fi\/en\/wp-json\/wp\/v2\/types\/workshopit"}],"author":[{"embeddable":true,"href":"https:\/\/flama.fi\/en\/wp-json\/wp\/v2\/users\/80"}],"version-history":[{"count":1,"href":"https:\/\/flama.fi\/en\/wp-json\/wp\/v2\/workshopit\/94693\/revisions"}],"predecessor-version":[{"id":94694,"href":"https:\/\/flama.fi\/en\/wp-json\/wp\/v2\/workshopit\/94693\/revisions\/94694"}],"wp:featuredmedia":[{"embeddable":true,"href":"https:\/\/flama.fi\/en\/wp-json\/wp\/v2\/media\/94632"}],"wp:attachment":[{"href":"https:\/\/flama.fi\/en\/wp-json\/wp\/v2\/media?parent=94693"}],"wp:term":[{"taxonomy":"post_tag","embeddable":true,"href":"https:\/\/flama.fi\/en\/wp-json\/wp\/v2\/tags?post=94693"},{"taxonomy":"lajit","embeddable":true,"href":"https:\/\/flama.fi\/en\/wp-json\/wp\/v2\/lajit?post=94693"}],"curies":[{"name":"wp","href":"https:\/\/api.w.org\/{rel}","templated":true}]}}

8.–10.1. Matias Löyttyniemi: Rueda-viikonloppu

<p>Tammikuussa 2027 Tanssistudio Flamassa vietetään Matias Löyttyniemen rueda-viikonloppua! Luvassa on inspiroivia workshopeja ja muuta ohjelmaa.</p>



<p>Varaa jo nyt tämä tanssintäyteinen viikonloppu kalenteriisi, lisätietoa tulossa!</p>



<p></p>

<p>Tammikuussa 2027 Tanssistudio Flamassa vietetään Matias Löyttyniemen rueda-viikonloppua! Luvassa on inspiroivia workshopeja ja muuta ohjelmaa. Varaa jo nyt tämä tanssintäyteinen viikonloppu kalenteriisi, lisätietoa tulossa!</p>

<!-- This site is optimized with the Yoast SEO plugin v27.5 - https://yoast.com/product/yoast-seo-wordpress/ -->
<title>8.–10.1. Matias Löyttyniemi: Rueda-viikonloppu - Tanssistudio Flama</title>
<meta name="robots" content="index, follow, max-snippet:-1, max-image-preview:large, max-video-preview:-1" />
<link rel="canonical" href="https://flama.fi/en/workshops/8-10-1-matias-loyttyniemi-rueda-viikonloppu/" />
<meta property="og:locale" content="en_US" />
<meta property="og:type" content="article" />
<meta property="og:title" content="8.–10.1. Matias Löyttyniemi: Rueda-viikonloppu - Tanssistudio Flama" />
<meta property="og:description" content="Tammikuussa 2027 Tanssistudio Flamassa vietetään Matias Löyttyniemen rueda-viikonloppua! Luvassa on inspiroivia workshopeja ja muuta ohjelmaa. Varaa jo nyt tämä tanssintäyteinen viikonloppu kalenteriisi, lisätietoa tulossa!" />
<meta property="og:url" content="https://flama.fi/en/workshops/8-10-1-matias-loyttyniemi-rueda-viikonloppu/" />
<meta property="og:site_name" content="Tanssistudio Flama" />
<meta property="article:modified_time" content="2026-04-15T13:13:27+00:00" />
<meta property="og:image" content="https://flama.fi/wp-content/uploads/2026/04/matias_loyttyniemi2.jpg" />
	<meta property="og:image:width" content="1920" />
	<meta property="og:image:height" content="1280" />
	<meta property="og:image:type" content="image/jpeg" />
<meta name="twitter:card" content="summary_large_image" />
<meta name="twitter:label1" content="Est. reading time" />
	<meta name="twitter:data1" content="1 minute" />
<script type="application/ld+json" class="yoast-schema-graph">{"@context":"https:\/\/schema.org","@graph":[{"@type":"WebPage","@id":"https:\/\/flama.fi\/en\/workshops\/8-10-1-matias-loyttyniemi-rueda-viikonloppu\/","url":"https:\/\/flama.fi\/en\/workshops\/8-10-1-matias-loyttyniemi-rueda-viikonloppu\/","name":"8.–10.1. Matias Löyttyniemi: Rueda-viikonloppu - Tanssistudio Flama","isPartOf":{"@id":"https:\/\/flama.fi\/en\/#website"},"primaryImageOfPage":{"@id":"https:\/\/flama.fi\/en\/workshops\/8-10-1-matias-loyttyniemi-rueda-viikonloppu\/#primaryimage"},"image":{"@id":"https:\/\/flama.fi\/en\/workshops\/8-10-1-matias-loyttyniemi-rueda-viikonloppu\/#primaryimage"},"thumbnailUrl":"https:\/\/flama.fi\/wp-content\/uploads\/2026\/04\/matias_loyttyniemi2.jpg","datePublished":"2026-04-15T13:12:17+00:00","dateModified":"2026-04-15T13:13:27+00:00","breadcrumb":{"@id":"https:\/\/flama.fi\/en\/workshops\/8-10-1-matias-loyttyniemi-rueda-viikonloppu\/#breadcrumb"},"inLanguage":"en-US","potentialAction":[{"@type":"ReadAction","target":["https:\/\/flama.fi\/en\/workshops\/8-10-1-matias-loyttyniemi-rueda-viikonloppu\/"]}]},{"@type":"ImageObject","inLanguage":"en-US","@id":"https:\/\/flama.fi\/en\/workshops\/8-10-1-matias-loyttyniemi-rueda-viikonloppu\/#primaryimage","url":"https:\/\/flama.fi\/wp-content\/uploads\/2026\/04\/matias_loyttyniemi2.jpg","contentUrl":"https:\/\/flama.fi\/wp-content\/uploads\/2026\/04\/matias_loyttyniemi2.jpg","width":1920,"height":1280},{"@type":"BreadcrumbList","@id":"https:\/\/flama.fi\/en\/workshops\/8-10-1-matias-loyttyniemi-rueda-viikonloppu\/#breadcrumb","itemListElement":[{"@type":"ListItem","position":1,"name":"Etusivu","item":"https:\/\/flama.fi\/en\/"},{"@type":"ListItem","position":2,"name":"Workshops","item":"https:\/\/flama.fi\/en\/workshops\/"},{"@type":"ListItem","position":3,"name":"8.–10.1. Matias Löyttyniemi: Rueda-viikonloppu"}]},{"@type":"WebSite","@id":"https:\/\/flama.fi\/en\/#website","url":"https:\/\/flama.fi\/en\/","name":"Tanssistudio Flama","description":"Turkulainen Tanssistudio","publisher":{"@id":"https:\/\/flama.fi\/en\/#organization"},"potentialAction":[{"@type":"SearchAction","target":{"@type":"EntryPoint","urlTemplate":"https:\/\/flama.fi\/en\/?s={search_term_string}"},"query-input":{"@type":"PropertyValueSpecification","valueRequired":true,"valueName":"search_term_string"}}],"inLanguage":"en-US"},{"@type":"Organization","@id":"https:\/\/flama.fi\/en\/#organization","name":"Tanssistudio Flama","url":"https:\/\/flama.fi\/en\/","logo":{"@type":"ImageObject","inLanguage":"en-US","@id":"https:\/\/flama.fi\/en\/#\/schema\/logo\/image\/","url":"https:\/\/flama.fi\/wp-content\/uploads\/2022\/07\/Flama-logo.png","contentUrl":"https:\/\/flama.fi\/wp-content\/uploads\/2022\/07\/Flama-logo.png","width":1240,"height":620,"caption":"Tanssistudio Flama"},"image":{"@id":"https:\/\/flama.fi\/en\/#\/schema\/logo\/image\/"}}]}</script>
<!-- / Yoast SEO plugin. -->

8.–10.1. Matias Löyttyniemi: Rueda-viikonloppu - Tanssistudio Flama

Tammikuussa 2027 Tanssistudio Flamassa vietetään Matias Löyttyniemen rueda-viikonloppua! Luvassa on inspiroivia workshopeja ja muuta ohjelmaa. Varaa jo nyt tämä tanssintäyteinen viikonloppu kalenteriisi, lisätietoa tulossa!
